{"id":46,"date":"2015-03-18T17:46:41","date_gmt":"2015-03-18T16:46:41","guid":{"rendered":"http:\/\/www.autisme-neuchatel.ch\/New\/?page_id=46"},"modified":"2019-03-24T18:21:34","modified_gmt":"2019-03-24T17:21:34","slug":"informations","status":"publish","type":"page","link":"https:\/\/www.autisme-neuchatel.ch\/New\/?page_id=46","title":{"rendered":"Informations"},"content":{"rendered":"<p>Vous trouverez soit dans cette page soit dans les pages sp\u00e9cifiques une grande collection d&rsquo;informations utiles aux personnes atteintes d&rsquo;autisme et \u00e0 leurs proches.<\/p>\n<h4>Que faire?<\/h4>\n<p>Cette rubrique est destin\u00e9e aux familles d&rsquo;un enfant qui vient d&rsquo;\u00eatre diagnostiqu\u00e9 ou qui doit encore l&rsquo;\u00eatre.<br \/>\nCe diagnostic peut \u00eatre bas\u00e9 sur un rapport r\u00e9dig\u00e9 par des personnes form\u00e9es comme des psychologue mais c&rsquo;est toujours un m\u00e9decin (p\u00e9diatre, neurop\u00e9diatre, p\u00e9dopsychiatre, g\u00e9n\u00e9raliste) qui pose un diagnostic!<\/p>\n<h4>Annonce \u00e0 l&rsquo;Assurance-Invalidit\u00e9<\/h4>\n<p>D\u00e8s que le diagnostic est pos\u00e9, une demande de mesures m\u00e9dicales doit \u00eatre remplie initialement par les parents. Le formulaire se trouve <a href=\"https:\/\/www.ahv-iv.ch\/fr\/M%C3%A9mentos-Formulaires\/Formulaires\/Formulaires-%C3%A9lectroniques\/AI-Demandes\/001003-Demande-pour-personnes-assur%C3%A9es-mineures-Mesures-m%C3%A9dicales\" target=\"_blank\" rel=\"noopener noreferrer\">ici<\/a>.<\/p>\n<p>Ensuite, une fois une d\u00e9cision initiale rendue par l&rsquo;Assurance-Invalidit\u00e9, une demande d&rsquo;allocation peut \u00eatre faite. Le montant de cette allocation d\u00e9pendra du degr\u00e9 d&rsquo;autonomie de l&rsquo;enfant dans les actes de la vie (manger, s&rsquo;habiller, etc&#8230; mais aussi surveillance). Le formulaire est <a href=\"https:\/\/www.ahv-iv.ch\/fr\/M%C3%A9mentos-Formulaires\/Formulaires\/Formulaires-%C3%A9lectroniques\/AI-Demandes\/001005-Demande-pour-personnes-assur%C3%A9es-mineures-Allocation-pour-impotent\" target=\"_blank\" rel=\"noopener noreferrer\">ici<\/a>.<\/p>\n<p>Une carte de l\u00e9gitimation au format carte de cr\u00e9dit peut \u00eatre demand\u00e9e. La demande doit \u00eatre adress\u00e9e \u00e0 :<\/p>\n<pre>Office de l\u2019assurance-invalidit\u00e9\nChandigarh 2\nCase postale 1209\n2301 La Chaux-de-Fonds 1\nt\u00e9l. 032\/ 910 71 00<\/pre>\n<h4>Accueil d&rsquo;un enfant \u00e0 besoins sp\u00e9cifiques (TSA, handicap, etc) en cr\u00e8che, garderie et structure d&rsquo;accueil subventionn\u00e9es<\/h4>\n<p>Il est possible d&rsquo;obtenir une aide pour s&rsquo;occuper d&rsquo;un enfant avec des besoins sp\u00e9cifiques (TSA, handicap et difficult\u00e9s diverses) accueilli dans une cr\u00e8che, structure d&rsquo;accueil ou garderie subventionn\u00e9e. Vous trouverez la proc\u00e9dure (directive 12) dans le document ci-dessous.<\/p>\n<p><a href=\"http:\/\/www.autisme-neuchatel.ch\/New\/wp-content\/uploads\/2015\/03\/directive_12_enfants_besoins_specifiques.pdf\">directive 12 enfants \u00e0 besoins sp\u00e9cifiques<\/a>.<\/p>\n<h4>Le Centre d\u2019Accueil et Consultation Pr\u00e9coce en Autisme (Centre ACPA)<\/h4>\n<p>S\u2019adresse \u00e0 des enfants d\u2019<strong>\u00e2ge pr\u00e9scolaire<\/strong> et propose notamment\u00a0de :<\/p>\n<ul>\n<li>\u00c9valuer une situation signal\u00e9e.<\/li>\n<li>\u00c9tablir une indication diagnostique.<\/li>\n<li>D\u00e9finir un plan d&rsquo;action pour intervenir pr\u00e9cocement.<\/li>\n<li>Accompagner l&rsquo;enfant en r\u00e9seau coordonn\u00e9.<\/li>\n<li>Soutenir les familles et d\u00e9velopper leurs comp\u00e9tences.<\/li>\n<li>Sensibiliser, voire transmettre, des comp\u00e9tences sp\u00e9cifiques \u00e0 l&rsquo;ensemble des acteurs en lien avec l&rsquo;enfant.<\/li>\n<li>Favoriser le d\u00e9veloppement du jeune enfant.<\/li>\n<li>Pr\u00e9parer et assurer le passage de l&rsquo;entr\u00e9e \u00e0 l&rsquo;\u00e9cole obligatoire dans les meilleures conditions de coordination avec l&rsquo;ensemble des acteurs.<\/li>\n<\/ul>\n<p>Vous trouverez plus d\u2019informations sur la page\u00a0<a href=\"http:\/\/www.perce-neige.ch\/index.php\/accueil-et-consultation-precoce-en-autisme\">http:\/\/www.perce-neige.ch\/index.php\/accueil-et-consultation-precoce-en-autisme<\/a> ainsi que sur le flyer ci-joint.<\/p>\n<p><a href=\"http:\/\/www.perce-neige.ch\/images\/ecole_specialisee\/ACPA.pdf\">Brochure ACPA<\/a><\/p>\n<h4>Le Service Educatif Itin\u00e9rant (SEI)<\/h4>\n<p>Le SEI offre un accompagnement en Education Pr\u00e9coce Sp\u00e9cialis\u00e9e \u00e0 tout enfant, \u00e2g\u00e9 de 0 \u00e0 6 ans, domicili\u00e9 dans le canton de Neuch\u00e2tel et qui pr\u00e9sente des difficult\u00e9s dans son d\u00e9veloppement li\u00e9es \u00e0 un handicap mental, physique, moteur, sensoriel, des troubles du comportement et de la communication ou un retard du d\u00e9veloppement ou dont le d\u00e9veloppement est limit\u00e9 ou compromis.<\/p>\n<p>Le SEI intervient dans le contexte familial ou en cr\u00e8che, garderie et atelier. Il propose des \u00e9valuations et un accompagnement de la famille, en particulier des parents. En cr\u00e8che ou garderie, il favorise l&rsquo;int\u00e9gration et la socialisation de l&rsquo;enfant. <a href=\"http:\/\/www.autisme-neuchatel.ch\/New\/?attachment_id=1605\">sei brochure<\/a><\/p>\n<p>Vous pouvez joindre le SEI au 032 886 67 16, du lundi au jeudi.<\/p>\n<p>Voir ensuite l&rsquo;onglet \u00ab\u00a0<a href=\"http:\/\/www.autisme-neuchatel.ch\/New\/?page_id=62\" target=\"_blank\" rel=\"noopener noreferrer\">Scolarisation<\/a>\u00ab\u00a0.<\/p>\n<h4>Le passage \u00e0 l&rsquo;\u00e2ge adulte<\/h4>\n<p>Avant les 18 ans et donc le passage effectif \u00e0 l&rsquo;\u00e2ge adulte, il est n\u00e9cessaire de se poser la question de la curatelle:<\/p>\n<ul>\n<li>Est-ce que mon enfant \u00e0 besoin d&rsquo;une curatelle?\n<ul>\n<li>Si oui, quelle est la port\u00e9e de celle-ci?<\/li>\n<li>Si non, je dois savoir que je n&rsquo;aurai plus acc\u00e8s au compte en banque de mon enfant (\u00e0 moins que ceci me donne un procuration. Je ne pourrai plus faire de choix pour lui, &#8230;<\/li>\n<\/ul>\n<\/li>\n<li>Je n&rsquo;ai pas fait de curatelle, mais apr\u00e8s quelques ann\u00e9e, je me rends compte que c&rsquo;est n\u00e9cessaire. C&rsquo;est possible mais un peu plus compliqu\u00e9.<\/li>\n<\/ul>\n<p>Voici un article pour vous en dire plus\u00a0<a href=\"http:\/\/www.neuchatelfamille.ch\/N7960\/curatelle..html\">http:\/\/www.neuchatelfamille.ch\/N7960\/curatelle..html<\/a><\/p>\n<p>Nous vous conseillons de commencer les d\u00e9marches bien en avance, au moins 6mois avant les 18 ans de votre futur adulte! Ces d\u00e9marches consistent en une lettre au greffe du tribunal de votre district accompagn\u00e9e d&rsquo;un certificat m\u00e9dical r\u00e9cent attestant du besoin de placement sous curatelle. Nous vous proposons un exemple de lettre de\u00a0\u00a0<a href=\"http:\/\/www.autisme-neuchatel.ch\/New\/wp-content\/uploads\/2017\/12\/Demande-de-curatelle.docx\">Demande de curatelle<\/a>\u00a0. Il vous faudra, bien \u00e9videmment, le modifier en fonction de votre enfant. Il se peut que votre enfant soit aussi convoqu\u00e9, il semble que ce ne soit pas une obligation mais dans tous les cas , \u00e0 notre connaissance, vous serez convoqu\u00e9 pour une s\u00e9ance au tribunal. Pas de panique: il ne s&rsquo;agit pas de vous juger mais bien de prendre une d\u00e9cision importante pour la vie future de votre enfant.<\/p>\n<p>Il convient aussi de d\u00e9terminer si le futur adulte aura besoin ou non du service d&rsquo;h\u00e9bergement. Si oui, il faut <strong>imp\u00e9rativement<\/strong> remplir le document suivant:<\/p>\n<p><a href=\"http:\/\/www.ne.ch\/autorites\/DJSC\/SAHA\/Documents\/DemandePrestationsInstitutionSAHA.xls\">http:\/\/www.ne.ch\/autorites\/DJSC\/SAHA\/Documents\/DemandePrestationsInstitutionSAHA.xls\u00a0<\/a><\/p>\n<p>Ce document est rattach\u00e9 \u00e0 JUNORA qui est sens\u00e9 d\u00e9terminer l&rsquo;ampleur du besoin.<\/p>\n<p>Pour les parents d&rsquo;un gar\u00e7on avec autisme, ne pas oublier qu&rsquo;il faudra certainement faire des d\u00e9marches en vue de d&rsquo;une exemption du service militaire. Par contre, m\u00eame si l&rsquo;autisme est un handicap reconnu, reste l&rsquo;obligation \u00a0de payer la taxe qui d\u00e9coule de l&rsquo;exemption.<\/p>\n","protected":false},"excerpt":{"rendered":"<p>Vous trouverez soit dans cette page soit dans les pages sp\u00e9cifiques une grande collection d&rsquo;informations utiles aux personnes atteintes d&rsquo;autisme et \u00e0 leurs proches. Que faire? Cette rubrique est destin\u00e9e &hellip; <\/p>\n<p class=\"link-more\"><a href=\"https:\/\/www.autisme-neuchatel.ch\/New\/?page_id=46\" class=\"more-link\">Continuer la lecture<span class=\"screen-reader-text\"> de &laquo;&nbsp;Informations&nbsp;&raquo;<\/span><\/a><\/p>\n","protected":false},"author":1,"featured_media":0,"parent":0,"menu_order":0,"comment_status":"closed","ping_status":"open","template":"","meta":{"_price":"","_stock":"","_tribe_ticket_header":"","_tribe_default_ticket_provider":"","_tribe_ticket_capacity":"0","_ticket_start_date":"","_ticket_end_date":"","_tribe_ticket_show_description":"","_tribe_ticket_show_not_going":false,"_tribe_ticket_use_global_stock":"","_tribe_ticket_global_stock_level":"","_global_stock_mode":"","_global_stock_cap":"","_tribe_rsvp_for_event":"","_tribe_ticket_going_count":"","_tribe_ticket_not_going_count":"","_tribe_tickets_list":"[]","_tribe_ticket_has_attendee_info_fields":false,"footnotes":"","_tec_slr_enabled":"","_tec_slr_layout":""},"class_list":["post-46","page","type-page","status-publish","hentry"],"ticketed":false,"_links":{"self":[{"href":"https:\/\/www.autisme-neuchatel.ch\/New\/index.php?rest_route=\/wp\/v2\/pages\/46","targetHints":{"allow":["GET"]}}],"collection":[{"href":"https:\/\/www.autisme-neuchatel.ch\/New\/index.php?rest_route=\/wp\/v2\/pages"}],"about":[{"href":"https:\/\/www.autisme-neuchatel.ch\/New\/index.php?rest_route=\/wp\/v2\/types\/page"}],"author":[{"embeddable":true,"href":"https:\/\/www.autisme-neuchatel.ch\/New\/index.php?rest_route=\/wp\/v2\/users\/1"}],"replies":[{"embeddable":true,"href":"https:\/\/www.autisme-neuchatel.ch\/New\/index.php?rest_route=%2Fwp%2Fv2%2Fcomments&post=46"}],"version-history":[{"count":30,"href":"https:\/\/www.autisme-neuchatel.ch\/New\/index.php?rest_route=\/wp\/v2\/pages\/46\/revisions"}],"predecessor-version":[{"id":1606,"href":"https:\/\/www.autisme-neuchatel.ch\/New\/index.php?rest_route=\/wp\/v2\/pages\/46\/revisions\/1606"}],"wp:attachment":[{"href":"https:\/\/www.autisme-neuchatel.ch\/New\/index.php?rest_route=%2Fwp%2Fv2%2Fmedia&parent=46"}],"curies":[{"name":"wp","href":"https:\/\/api.w.org\/{rel}","templated":true}]}}