{"id":407,"date":"2016-01-10T21:44:38","date_gmt":"2016-01-10T20:44:38","guid":{"rendered":"http:\/\/www.autisme-neuchatel.ch\/New\/?page_id=407"},"modified":"2019-01-20T16:17:48","modified_gmt":"2019-01-20T15:17:48","slug":"articles-de-presse-et-emissions-radio-tv","status":"publish","type":"page","link":"https:\/\/www.autisme-neuchatel.ch\/New\/?page_id=407","title":{"rendered":"Articles de presse et \u00e9missions radio-TV"},"content":{"rendered":"<p>On parle de nous dans les m\u00e9dias traditionnels comme dans les nouveaux m\u00e9dias. Les articles et \u00e9missions sont ajout\u00e9s au fur et \u00e0 mesure.<\/p>\n<h4>Dans les nouveaux m\u00e9dias :<\/h4>\n<ul>\n<li>nous avons un compte twitter :\u00a0<a href=\"https:\/\/twitter.com\/AutismeNE\">@AutismeNE<\/a><\/li>\n<li>une adresse email g\u00e9n\u00e9rique pour les informations : <a href=\"mailto:info@autisme-neuchatel.ch\" target=\"_blank\" rel=\"noopener\">info@autisme-neuchatel.ch<\/a><\/li>\n<li>nous avons <a href=\"https:\/\/www.facebook.com\/Autisme-Neuch%C3%A2tel-208057903210\/\" target=\"_blank\" rel=\"noopener\">une page sur Facebook<\/a><\/li>\n<li>Nous sommes aussi actifs sur d&rsquo;autres m\u00e9dias comme Youtube.<\/li>\n<li>bien \u00e9videmment un site web puisque vous le consultez en ce moment&#8230;<\/li>\n<\/ul>\n<p>Vous trouverez commentaires et re-tweet et autres like sur ces diff\u00e9rents nouveaux m\u00e9dias sociaux.<\/p>\n<h4>Conf\u00e9rences de presse et communiqu\u00e9s de presse :<\/h4>\n<ul>\n<li><a href=\"http:\/\/www.autisme-neuchatel.ch\/New\/wp-content\/uploads\/2016\/01\/conference-de-presse-23-janvier-2013.pdf\" rel=\"\">Conf\u00e9rence de presse 23 janvier 2013<\/a><\/li>\n<li><a href=\"http:\/\/www.autisme-neuchatel.ch\/New\/wp-content\/uploads\/2016\/01\/Communique\u0301-de-presse-28.11.14.pdf\" rel=\"\">Communique\u0301 de presse 28.11.14<\/a><\/li>\n<\/ul>\n<h4>Articles dans la presse par sujet :<\/h4>\n<p>Ludoth\u00e8ques :<\/p>\n<ul>\n<li><a href=\"http:\/\/www.autisme-neuchatel.ch\/New\/wp-content\/uploads\/2016\/01\/Article-Ludothe\u0300que-Marin.pdf\" rel=\"\">Article 1 Ludoth\u00e8ne Marin<\/a><\/li>\n<li><a href=\"http:\/\/www.autisme-neuchatel.ch\/New\/wp-content\/uploads\/2016\/01\/Article-Ludothe\u0300que-Marin-2.pdf\" rel=\"\">Article 2 Ludoth\u00e8ne Marin<\/a><\/li>\n<li><a href=\"http:\/\/www.autisme-neuchatel.ch\/New\/wp-content\/uploads\/2016\/01\/Article-Ludothe\u0300que-Marin-3.pdf\" rel=\"\">Article 3 Ludoth\u00e8ne Marin<\/a><\/li>\n<li><a href=\"http:\/\/www.autisme-neuchatel.ch\/New\/wp-content\/uploads\/2016\/01\/Article-Ludothe\u0300que-Le-Locle-NE.pdf\" rel=\"\">Article sur la collaboration avec la ludothe\u0300que du Locle<\/a><\/li>\n<li><a href=\"http:\/\/www.autisme-neuchatel.ch\/New\/wp-content\/uploads\/2016\/01\/Article-Ludothe\u0300que-La-Chaux-de-Fonds.pdf\" rel=\"\">Article sur la collaboration avec la ludoth\u00e8que de la Chaud-de-Fonds<\/a><\/li>\n<\/ul>\n<p>Emissions radio :<\/p>\n<p>RTN<\/p>\n<ul>\n<li>15 D\u00e9cembre 2010 : <a href=\"http:\/\/www.rtn.ch\/rtn\/Actualite\/Regionale\/151210Un-cheque-de-5-000-francs-pour-Autisme-Neuchatel.html\" target=\"_blank\" rel=\"noopener\">Remise du ch\u00e8que du Rotary<\/a><\/li>\n<li>12 \u00a0D\u00e9cembre 2011 : <a href=\"https:\/\/www.google.ch\/url?sa=t&amp;rct=j&amp;q=&amp;esrc=s&amp;source=web&amp;cd=4&amp;cad=rja&amp;uact=8&amp;ved=0ahUKEwib5oOb7p_KAhVDlw8KHWrnCXwQFgg2MAM&amp;url=http%3A%2F%2Fwww.rtn.ch%2Frtn%2FActualites%2FRegionale%2F20111212-Des-jeux-et-des-livres-pour-enfants-autistes-a-la-Ludotene.html&amp;usg=AFQjCNF4oyGC23jIZawwXhgUhFj98oHyVQ&amp;sig2=yNpskFAJghYItT-nAfEc3A\" target=\"_blank\" rel=\"noopener\">Remise des jeux \u00e0 la Ludoth\u00e8ne<\/a><\/li>\n<li>31 Mai 2012 : <a href=\"http:\/\/www.rtn.ch\/rtn\/Actualites\/Regionale\/20120531-Nouvelle-collaboration-pour-Autisme-Neuchatel.html\" target=\"_blank\" rel=\"noopener\">Remise des jeux et livres \u00e0 la Ludoth\u00e8que et la biblioth\u00e8que de la Chaux-de-Fonds<\/a><\/li>\n<li>2 avril 2015 : <a href=\"http:\/\/www.rtn.ch\/rtn\/Programmes\/emissions\/Format-A3\/Journee-mondiale-de-sensibilisation-a-l-autisme.html\" target=\"_blank\" rel=\"noopener\">Journ\u00e9e de sensibilisation \u00e0 l&rsquo;autisme<\/a><\/li>\n<li>30 ao\u00fbt 2017:\u00a0<a style=\"font-size: 1rem;\" href=\"http:\/\/www.rtn.ch\/Scripts\/Index.aspx?id=3387240\" target=\"_blank\" rel=\"noopener\">Le caf\u00e9 des parents<\/a><\/li>\n<\/ul>\n<p>Emissions TV :<\/p>\n","protected":false},"excerpt":{"rendered":"<p>On parle de nous dans les m\u00e9dias traditionnels comme dans les nouveaux m\u00e9dias. Les articles et \u00e9missions sont ajout\u00e9s au fur et \u00e0 mesure. Dans les nouveaux m\u00e9dias : nous &hellip; <\/p>\n<p class=\"link-more\"><a href=\"https:\/\/www.autisme-neuchatel.ch\/New\/?page_id=407\" class=\"more-link\">Continuer la lecture<span class=\"screen-reader-text\"> de &laquo;&nbsp;Articles de presse et \u00e9missions radio-TV&nbsp;&raquo;<\/span><\/a><\/p>\n","protected":false},"author":1,"featured_media":0,"parent":0,"menu_order":0,"comment_status":"closed","ping_status":"closed","template":"","meta":{"_price":"","_stock":"","_tribe_ticket_header":"","_tribe_default_ticket_provider":"","_tribe_ticket_capacity":"0","_ticket_start_date":"","_ticket_end_date":"","_tribe_ticket_show_description":"","_tribe_ticket_show_not_going":false,"_tribe_ticket_use_global_stock":"","_tribe_ticket_global_stock_level":"","_global_stock_mode":"","_global_stock_cap":"","_tribe_rsvp_for_event":"","_tribe_ticket_going_count":"","_tribe_ticket_not_going_count":"","_tribe_tickets_list":"[]","_tribe_ticket_has_attendee_info_fields":false,"footnotes":"","_tec_slr_enabled":"","_tec_slr_layout":""},"class_list":["post-407","page","type-page","status-publish","hentry"],"ticketed":false,"_links":{"self":[{"href":"https:\/\/www.autisme-neuchatel.ch\/New\/index.php?rest_route=\/wp\/v2\/pages\/407","targetHints":{"allow":["GET"]}}],"collection":[{"href":"https:\/\/www.autisme-neuchatel.ch\/New\/index.php?rest_route=\/wp\/v2\/pages"}],"about":[{"href":"https:\/\/www.autisme-neuchatel.ch\/New\/index.php?rest_route=\/wp\/v2\/types\/page"}],"author":[{"embeddable":true,"href":"https:\/\/www.autisme-neuchatel.ch\/New\/index.php?rest_route=\/wp\/v2\/users\/1"}],"replies":[{"embeddable":true,"href":"https:\/\/www.autisme-neuchatel.ch\/New\/index.php?rest_route=%2Fwp%2Fv2%2Fcomments&post=407"}],"version-history":[{"count":10,"href":"https:\/\/www.autisme-neuchatel.ch\/New\/index.php?rest_route=\/wp\/v2\/pages\/407\/revisions"}],"predecessor-version":[{"id":1524,"href":"https:\/\/www.autisme-neuchatel.ch\/New\/index.php?rest_route=\/wp\/v2\/pages\/407\/revisions\/1524"}],"wp:attachment":[{"href":"https:\/\/www.autisme-neuchatel.ch\/New\/index.php?rest_route=%2Fwp%2Fv2%2Fmedia&parent=407"}],"curies":[{"name":"wp","href":"https:\/\/api.w.org\/{rel}","templated":true}]}}

Articles de presse et émissions radio-TV

<p>On parle de nous dans les médias traditionnels comme dans les nouveaux médias. Les articles et émissions sont ajoutés au fur et à mesure.</p>
<h4>Dans les nouveaux médias :</h4>
<ul>
<li>nous avons un compte twitter : <a href="https://twitter.com/AutismeNE">@AutismeNE</a></li>
<li>une adresse email générique pour les informations : <a href="mailto:info@autisme-neuchatel.ch" target="_blank" rel="noopener">info@autisme-neuchatel.ch</a></li>
<li>nous avons <a href="https://www.facebook.com/Autisme-Neuch%C3%A2tel-208057903210/" target="_blank" rel="noopener">une page sur Facebook</a></li>
<li>Nous sommes aussi actifs sur d&rsquo;autres médias comme Youtube.</li>
<li>bien évidemment un site web puisque vous le consultez en ce moment&#8230;</li>
</ul>
<p>Vous trouverez commentaires et re-tweet et autres like sur ces différents nouveaux médias sociaux.</p>
<h4>Conférences de presse et communiqués de presse :</h4>
<ul>
<li><a href="http://www.autisme-neuchatel.ch/New/wp-content/uploads/2016/01/conference-de-presse-23-janvier-2013.pdf" rel="">Conférence de presse 23 janvier 2013</a></li>
<li><a href="http://www.autisme-neuchatel.ch/New/wp-content/uploads/2016/01/Communiqué-de-presse-28.11.14.pdf" rel="">Communiqué de presse 28.11.14</a></li>
</ul>
<h4>Articles dans la presse par sujet :</h4>
<p>Ludothèques :</p>
<ul>
<li><a href="http://www.autisme-neuchatel.ch/New/wp-content/uploads/2016/01/Article-Ludothèque-Marin.pdf" rel="">Article 1 Ludothène Marin</a></li>
<li><a href="http://www.autisme-neuchatel.ch/New/wp-content/uploads/2016/01/Article-Ludothèque-Marin-2.pdf" rel="">Article 2 Ludothène Marin</a></li>
<li><a href="http://www.autisme-neuchatel.ch/New/wp-content/uploads/2016/01/Article-Ludothèque-Marin-3.pdf" rel="">Article 3 Ludothène Marin</a></li>
<li><a href="http://www.autisme-neuchatel.ch/New/wp-content/uploads/2016/01/Article-Ludothèque-Le-Locle-NE.pdf" rel="">Article sur la collaboration avec la ludothèque du Locle</a></li>
<li><a href="http://www.autisme-neuchatel.ch/New/wp-content/uploads/2016/01/Article-Ludothèque-La-Chaux-de-Fonds.pdf" rel="">Article sur la collaboration avec la ludothèque de la Chaud-de-Fonds</a></li>
</ul>
<p>Emissions radio :</p>
<p>RTN</p>
<ul>
<li>15 Décembre 2010 : <a href="http://www.rtn.ch/rtn/Actualite/Regionale/151210Un-cheque-de-5-000-francs-pour-Autisme-Neuchatel.html" target="_blank" rel="noopener">Remise du chèque du Rotary</a></li>
<li>12  Décembre 2011 : <a href="https://www.google.ch/url?sa=t&amp;rct=j&amp;q=&amp;esrc=s&amp;source=web&amp;cd=4&amp;cad=rja&amp;uact=8&amp;ved=0ahUKEwib5oOb7p_KAhVDlw8KHWrnCXwQFgg2MAM&amp;url=http%3A%2F%2Fwww.rtn.ch%2Frtn%2FActualites%2FRegionale%2F20111212-Des-jeux-et-des-livres-pour-enfants-autistes-a-la-Ludotene.html&amp;usg=AFQjCNF4oyGC23jIZawwXhgUhFj98oHyVQ&amp;sig2=yNpskFAJghYItT-nAfEc3A" target="_blank" rel="noopener">Remise des jeux à la Ludothène</a></li>
<li>31 Mai 2012 : <a href="http://www.rtn.ch/rtn/Actualites/Regionale/20120531-Nouvelle-collaboration-pour-Autisme-Neuchatel.html" target="_blank" rel="noopener">Remise des jeux et livres à la Ludothèque et la bibliothèque de la Chaux-de-Fonds</a></li>
<li>2 avril 2015 : <a href="http://www.rtn.ch/rtn/Programmes/emissions/Format-A3/Journee-mondiale-de-sensibilisation-a-l-autisme.html" target="_blank" rel="noopener">Journée de sensibilisation à l&rsquo;autisme</a></li>
<li>30 août 2017: <a style="font-size: 1rem;" href="http://www.rtn.ch/Scripts/Index.aspx?id=3387240" target="_blank" rel="noopener">Le café des parents</a></li>
</ul>
<p>Emissions TV :</p>

<p>On parle de nous dans les médias traditionnels comme dans les nouveaux médias. Les articles et émissions sont ajoutés au fur et à mesure. Dans les nouveaux médias : nous &hellip; </p>
<p class="link-more"><a href="https://www.autisme-neuchatel.ch/New/?page_id=407" class="more-link">Continuer la lecture<span class="screen-reader-text"> de &laquo;&nbsp;Articles de presse et émissions radio-TV&nbsp;&raquo;</span></a></p>
