{"id":308,"date":"2015-12-16T11:23:13","date_gmt":"2015-12-16T10:23:13","guid":{"rendered":"http:\/\/www.autisme-neuchatel.ch\/New\/?page_id=308"},"modified":"2016-10-23T16:26:22","modified_gmt":"2016-10-23T15:26:22","slug":"jeux-et-livres-en-pret","status":"publish","type":"page","link":"https:\/\/www.autisme-neuchatel.ch\/New\/?page_id=308","title":{"rendered":"Jeux et livres en pr\u00eat"},"content":{"rendered":"<h2>Autisme Neuch\u00e2tel pr\u00eate des jeux sp\u00e9cifiques et des livres sur l&rsquo;autisme<\/h2>\n<p>NOUVELLE LIVRAISON EN OCTOBRE 2016 !<\/p>\n<h3>Jeux<\/h3>\n<p>L&rsquo;association a achet\u00e9 des jeux sp\u00e9cifiques \u00e0 l&rsquo;autisme. Ce mat\u00e9riel, souvent tr\u00e8s cher \u00e0 l&rsquo;achat, est pr\u00eat\u00e9 aux parents, enseignants, \u00e9ducateurs ou toute personne int\u00e9ress\u00e9e par des <strong>ludoth\u00e8ques<\/strong> pour une petite somme pendant un mois. Quatre ludoth\u00e8ques sont \u00e9quip\u00e9es de ces jeux et se trouvent :<\/p>\n<ul>\n<ul>\n<li>A la T\u00e8ne : <a href=\"http:\/\/www.marin-epagnier.net\/\" target=\"_blank\">Ludot\u00e8ne<\/a>, rue de la Fleur-de-Lys 7, 2074 Marin<\/li>\n<\/ul>\n<\/ul>\n<p><iframe loading=\"lazy\" style=\"border: 0;\" src=\"https:\/\/www.google.com\/maps\/embed?pb=!1m18!1m12!1m3!1d2720.551078925753!2d7.000001615970266!3d47.00978697914968!2m3!1f0!2f0!3f0!3m2!1i1024!2i768!4f13.1!3m3!1m2!1s0x478e0950194e3ac7%3A0x680852480e151ef5!2sRue+de+la+Fleur-de-Lys+7%2C+2074+Marin-Epagnier!5e0!3m2!1sfr!2sch!4v1449852541167\" width=\"100%\" height=\"300\" frameborder=\"0\" allowfullscreen=\"allowfullscreen\"><\/iframe><\/p>\n<ul>\n<ul>\n<li>A La <a href=\"http:\/\/www.chaux-de-fonds.ch\/biblio\/ludo\" target=\"_blank\">Chaux-de-Fonds<\/a>, rue de la Serre 16, 2300 La Chaux-de-Fonds<\/li>\n<\/ul>\n<\/ul>\n<p><iframe loading=\"lazy\" style=\"border: 0;\" src=\"https:\/\/www.google.com\/maps\/embed?pb=!1m18!1m12!1m3!1d2715.7694960851204!2d6.826802915972878!3d47.10358927915459!2m3!1f0!2f0!3f0!3m2!1i1024!2i768!4f13.1!3m3!1m2!1s0x478dfb46d2e3bb4d%3A0xdfd8dfe9d5c1a1b0!2sRue+de+la+Serre+16%2C+2300+La+Chaux-de-Fonds!5e0!3m2!1sfr!2sch!4v1449853279520\" width=\"100%\" height=\"300\" frameborder=\"0\" allowfullscreen=\"allowfullscreen\"><\/iframe><\/p>\n<ul>\n<ul>\n<li>Au Locle : <a href=\"http:\/\/www.lelocle.ch\/qualitedevie\/loisirs-et-sport\/ludotheque\/\" target=\"_blank\">Ludoth\u00e8que Casse-Noisette<\/a>, Cr\u00eat-Vaillant 37, 2400 Le Locle<\/li>\n<\/ul>\n<\/ul>\n<p><iframe loading=\"lazy\" style=\"border: 0;\" src=\"https:\/\/www.google.com\/maps\/embed?pb=!1m18!1m12!1m3!1d2718.0143073970307!2d6.74856521597166!3d47.05956967915216!2m3!1f0!2f0!3f0!3m2!1i1024!2i768!4f13.1!3m3!1m2!1s0x478de57c01b01995%3A0x609d9e0b86068db6!2sCr%C3%AAt-Vaillant+37%2C+2400+Le+Locle!5e0!3m2!1sfr!2sch!4v1449853580142\" width=\"100%\" height=\"300\" frameborder=\"0\" allowfullscreen=\"allowfullscreen\"><\/iframe><\/p>\n<ul>\n<ul>\n<li>A Neuch\u00e2tel : <a href=\"http:\/\/www.bibliotheque-pestalozzi.ch\/opacwebaloes\/index.aspx?IdPage=1\" target=\"_blank\">Ludoth\u00e8que Pestalozzi<\/a>, Faubourg du Lac 1, 2000 Neuch\u00e2tel<\/li>\n<\/ul>\n<\/ul>\n<p><iframe loading=\"lazy\" style=\"border: 0;\" src=\"https:\/\/www.google.com\/maps\/embed?pb=!1m18!1m12!1m3!1d2721.4849171819073!2d6.9292929159697545!3d46.99145077914856!2m3!1f0!2f0!3f0!3m2!1i1024!2i768!4f13.1!3m3!1m2!1s0x478e0a11390dae6d%3A0xfadebdcff62d6d9d!2sFbg+du+Lac+1%2C+2000+Neuch%C3%A2tel!5e0!3m2!1sfr!2sch!4v1449853901921\" width=\"100%\" height=\"300\" frameborder=\"0\" allowfullscreen=\"allowfullscreen\"><\/iframe><\/p>\n<h3>Livres<\/h3>\n<p>L&rsquo;association a \u00e9galement achet\u00e9 des livres sur l&rsquo;autisme. Ceux-ci sont disponibles \u00e0 :<\/p>\n<ul>\n<ul>\n<li>La <a href=\"http:\/\/www.marin-epagnier.net\/\" target=\"_blank\">Ludot\u00e8ne <\/a>\u00e0 Marin (m\u00eames informations que ci-dessus)<\/li>\n<li>La <a href=\"http:\/\/cdf-bibliotheques.ne.ch\/\" target=\"_blank\">biblioth\u00e8que de La Chaux-de-Fonds<\/a>, rue du Progr\u00e8s 33, 2300 La Chaux-de-Fonds<\/li>\n<\/ul>\n<\/ul>\n<p><iframe loading=\"lazy\" style=\"border: 0;\" src=\"https:\/\/www.google.com\/maps\/embed?pb=!1m18!1m12!1m3!1d2715.7358012001328!2d6.824134215972869!3d47.10424977915461!2m3!1f0!2f0!3f0!3m2!1i1024!2i768!4f13.1!3m3!1m2!1s0x478dfb40ae3eda25%3A0xc9bad1d0abfd1ced!2sRue+du+Progr%C3%A8s+33%2C+2300+La+Chaux-de-Fonds!5e0!3m2!1sfr!2sch!4v1449854598545\" width=\"100%\" height=\"300\" frameborder=\"0\" allowfullscreen=\"allowfullscreen\"><\/iframe><\/p>\n<p>Les livres peuvent \u00e9galement \u00eatre demand\u00e9s \u00e0 distance par l&rsquo;interm\u00e9diaire du <a href=\"http:\/\/opac.rero.ch\/gateway\" target=\"_blank\">R\u00e9seau des biblioth\u00e8ques de Suisse Occidentale<\/a> (RERO).<\/p>\n<p>Un magnifique catalogue des livres et jeux, r\u00e9guli\u00e8rement mis \u00e0 jour, est disponible sur le site de la <a href=\"http:\/\/www.marin-epagnier.net\/\" target=\"_blank\">Ludot\u00e8ne<\/a> (descendre sur la page d&rsquo;accueil).<\/p>\n<p>Un certain nombre d&rsquo;articles est paru dans la presse locale :<\/p>\n<ul>\n<li>Articles sur la collaboration avec la Ludot\u00e8ne \u00e0 Marin : <a href=\"http:\/\/www.autisme-neuchatel.ch\/New\/wp-content\/uploads\/2016\/01\/Article-Ludothe\u0300que-Marin.pdf\" rel=\"\">Article 1<\/a>, <a href=\"http:\/\/www.autisme-neuchatel.ch\/New\/wp-content\/uploads\/2016\/01\/Article-Ludothe\u0300que-Marin-2.pdf\" rel=\"\">Article 2<\/a>, <a href=\"http:\/\/www.autisme-neuchatel.ch\/New\/wp-content\/uploads\/2016\/01\/Article-Ludothe\u0300que-Marin-3.pdf\" rel=\"\">Article 3<\/a><\/li>\n<li><a href=\"http:\/\/www.autisme-neuchatel.ch\/New\/wp-content\/uploads\/2016\/01\/Article-Ludothe\u0300que-Le-Locle-NE.pdf\" rel=\"\">Article sur la collaboration avec la ludothe\u0300que du Locle<\/a><\/li>\n<li><a href=\"http:\/\/www.autisme-neuchatel.ch\/New\/wp-content\/uploads\/2016\/01\/Article-Ludothe\u0300que-La-Chaux-de-Fonds.pdf\" rel=\"\">Article sur la collaboration avec la ludoth\u00e8que de la Chaux-de-Fonds<\/a><\/li>\n<\/ul>\n","protected":false},"excerpt":{"rendered":"<p>Autisme Neuch\u00e2tel pr\u00eate des jeux sp\u00e9cifiques et des livres sur l&rsquo;autisme NOUVELLE LIVRAISON EN OCTOBRE 2016 ! Jeux L&rsquo;association a achet\u00e9 des jeux sp\u00e9cifiques \u00e0 l&rsquo;autisme. Ce mat\u00e9riel, souvent tr\u00e8s &hellip; <\/p>\n<p class=\"link-more\"><a href=\"https:\/\/www.autisme-neuchatel.ch\/New\/?page_id=308\" class=\"more-link\">Continuer la lecture<span class=\"screen-reader-text\"> de &laquo;&nbsp;Jeux et livres en pr\u00eat&nbsp;&raquo;<\/span><\/a><\/p>\n","protected":false},"author":1,"featured_media":0,"parent":0,"menu_order":0,"comment_status":"closed","ping_status":"closed","template":"","meta":{"_price":"","_stock":"","_tribe_ticket_header":"","_tribe_default_ticket_provider":"","_tribe_ticket_capacity":"0","_ticket_start_date":"","_ticket_end_date":"","_tribe_ticket_show_description":"","_tribe_ticket_show_not_going":false,"_tribe_ticket_use_global_stock":"","_tribe_ticket_global_stock_level":"","_global_stock_mode":"","_global_stock_cap":"","_tribe_rsvp_for_event":"","_tribe_ticket_going_count":"","_tribe_ticket_not_going_count":"","_tribe_tickets_list":"[]","_tribe_ticket_has_attendee_info_fields":false,"footnotes":"","_tec_slr_enabled":"","_tec_slr_layout":""},"class_list":["post-308","page","type-page","status-publish","hentry"],"ticketed":false,"_links":{"self":[{"href":"https:\/\/www.autisme-neuchatel.ch\/New\/index.php?rest_route=\/wp\/v2\/pages\/308","targetHints":{"allow":["GET"]}}],"collection":[{"href":"https:\/\/www.autisme-neuchatel.ch\/New\/index.php?rest_route=\/wp\/v2\/pages"}],"about":[{"href":"https:\/\/www.autisme-neuchatel.ch\/New\/index.php?rest_route=\/wp\/v2\/types\/page"}],"author":[{"embeddable":true,"href":"https:\/\/www.autisme-neuchatel.ch\/New\/index.php?rest_route=\/wp\/v2\/users\/1"}],"replies":[{"embeddable":true,"href":"https:\/\/www.autisme-neuchatel.ch\/New\/index.php?rest_route=%2Fwp%2Fv2%2Fcomments&post=308"}],"version-history":[{"count":21,"href":"https:\/\/www.autisme-neuchatel.ch\/New\/index.php?rest_route=\/wp\/v2\/pages\/308\/revisions"}],"predecessor-version":[{"id":756,"href":"https:\/\/www.autisme-neuchatel.ch\/New\/index.php?rest_route=\/wp\/v2\/pages\/308\/revisions\/756"}],"wp:attachment":[{"href":"https:\/\/www.autisme-neuchatel.ch\/New\/index.php?rest_route=%2Fwp%2Fv2%2Fmedia&parent=308"}],"curies":[{"name":"wp","href":"https:\/\/api.w.org\/{rel}","templated":true}]}}