{"id":129,"date":"2015-09-02T21:34:10","date_gmt":"2015-09-02T20:34:10","guid":{"rendered":"http:\/\/www.autisme-neuchatel.ch\/New\/?page_id=129"},"modified":"2015-09-02T21:34:10","modified_gmt":"2015-09-02T20:34:10","slug":"liselotte","status":"publish","type":"page","link":"https:\/\/www.autisme-neuchatel.ch\/New\/?page_id=129","title":{"rendered":"Liselotte"},"content":{"rendered":"<h2>LISELOTTE GRAF (D\u00e9c\u00e9d\u00e9e en 2007)<\/h2>\n<p>Je m&rsquo;appelle Liselotte Graf. J&rsquo;habite en Thurgovie et vit avec une colocataire dans un appartement.<br \/>\nLe professeur Lutz a diagnostiqu\u00e9 mon autisme \u00e0 6 ans. A l&rsquo;\u00e9poque, on ne parlait pas encore du syndrome d&rsquo;Asperger.<br \/>\nJ&rsquo;ai fait ma scolarit\u00e9 dans des foyers scolaires, d&rsquo;abord \u00e0 la\u00a0 Br\u00fcchshalde \u00e0 M\u00e4nnedorf et ensuite \u00e0 la Sonnhalde \u00e0 Gempen. J&rsquo;en garde divers souvenirs plut\u00f4t positifs:<br \/>\nJ&rsquo;allais volontiers \u00e0 l&rsquo;\u00e9cole mais je n&rsquo;aimais pas qu&rsquo;on me mette de c\u00f4t\u00e9 de telle sorte que je saisisse pas tout de la vie normale. Tout ce qu&rsquo;on pouvait apprendre\u00a0 m&rsquo;int\u00e9ressait: les animaux, l&rsquo;anatomie, les sciences naturelles.<br \/>\nJ&rsquo;ai fait un pr\u00e9-apprentissage de vendeuse et de couturi\u00e8re. Aujourd&rsquo;hui, je travaille comme couturi\u00e8re en textile dans l&rsquo;entreprise Br\u00fcggli qui produit entre autre des sacs de loisirs.<br \/>\nLongtemps, je ne me suis pas consid\u00e9r\u00e9e comme handicap\u00e9e. Dans la vie quotidienne, j&rsquo;ai parfois des difficult\u00e9s que je ne g\u00e8re pas toujours: l&rsquo;autisme ou le syndrome d&rsquo;Asperger a des r\u00e9percutions particuli\u00e8res sur le contact avec l&rsquo;autre. Je ne le remarque pas tout de suite. C&rsquo;est plus un sentiment que je subis: comme si quelque chose dans la relation ne \u00ab prenait \u00bb pas. Je peux offrir aux autres tout ce que je veux mais j&rsquo;ai trop peu en retour. J&rsquo;ai par exemple jamais d&rsquo;invitations ni de ma famille, ni\u00a0 de l&rsquo;ext\u00e9rieur. Si j&rsquo;invite des gens, ils d\u00e9clinent l&rsquo;invitation. Tout cela est tr\u00e8s frustrant pour moi et me rend tr\u00e8s d\u00e9sagr\u00e9able.<br \/>\nJe voulais f\u00eater ma convalescence apr\u00e8s une assez grande op\u00e9ration lors de la Saint Sylvestre et j&rsquo;avais invit\u00e9 15 personnes \u00e0 un buffet froid fait maison. Malheureusement, tous ont d\u00e9clin\u00e9 l&rsquo;invitation. Une des raisons de cet \u00e9chec est mon incapacit\u00e9 \u00e0 nouer une amiti\u00e9. Cette f\u00eate g\u00e2ch\u00e9e est une d\u00e9ception que je n&rsquo;ai pas encore r\u00e9ussi \u00e0 surmonter. J&rsquo;y travaille avec la personne qui me suit.<br \/>\nCe qui me g\u00eane dans mon handicap, c&rsquo;est que je me parle souvent et peste avec moi-m\u00eame. Cela d\u00e9range mon entourage.<br \/>\nMes\u00a0 occupations sont aujourd&rsquo;hui la politique pour les handicap\u00e9s, la formation continue sur la sant\u00e9, la culture g\u00e9n\u00e9rale et les animaux.<br \/>\nMes exp\u00e9riences personnelles m&rsquo;ont pouss\u00e9 \u00e0 m&rsquo;engager politiquement en faveur des handicap\u00e9s:<br \/>\nIl est choquant de voir les handicap\u00e9s mis \u00e0 l&rsquo;\u00e9cart. Beaucoup d&rsquo;autistes doivent vivre dans des foyers. M\u00eame les bons lieux de vie ont leur d\u00e9savantage. Ils excluent trop. On devrait se poser la question\u00a0 comment mieux int\u00e9grer des enfants handicap\u00e9s dans la vie normale. Il est tout \u00e0 fait clair qu&rsquo;il faut se battre pour \u00e7a. Je vais manifester quand cela est n\u00e9cessaire et voter dans ce sens l\u00e0.<br \/>\nLe cancer est une autre partie de mon exp\u00e9rience de vie. Le diagnostic du syndrome d&rsquo; Asperger m&rsquo;a moins travaill\u00e9 que celui du cancer. Au d\u00e9but, j&rsquo;avais terriblement peur de la mort. Je l&rsquo;ai toutefois surmont\u00e9.<br \/>\nJe ne suis jamais s\u00fbre de ne plus avoir de tumeur mais je vis assez bien avec cela. Bien conna\u00eetre la maladie aide \u00e0 enlever les peurs. Le pr\u00e9sident suisse de la ligue contre le cancer m&rsquo;a dit que plus le temps avan\u00e7ait moins on\u00a0 cherchait \u00e0 tuer\u00a0 toutes les cellules atteintes mais davantage \u00e0 contr\u00f4ler l&rsquo;augmentation de la tumeur.<\/p>\n<p>Dans la\u00a0 relation id\u00e9ale avec des autistes adultes, mon souhait serait:<br \/>\n1. Plus de tol\u00e9rance envers des personnes dont le comportement est diff\u00e9rent.<br \/>\n2. Placer les handicap\u00e9s dans des petits groupes de vie communautaire\/familles d&rsquo;accueil avec l&rsquo;appui de sp\u00e9cialistes.<br \/>\n3. Int\u00e9grer les handicap\u00e9s\u00a0 o\u00f9 et quand cela est possible afin qu&rsquo;ils puissent participer \u00e0 la vie normale.<\/p>\n<p>Il est important pour moi que les gens gardent un contact entre eux et ne se retirent pas dans leur coin. J&rsquo;aime les f\u00eates, la musique (classique et pop) . Quand\u00a0 quelque chose se passe, je participer activement. Car la t\u00e9l\u00e9vision, c&rsquo;est pour le train-train quotidien.<\/p>\n<p>(Trad. M.C. Schorpp-M\u00fcller)<\/p>\n","protected":false},"excerpt":{"rendered":"<p>LISELOTTE GRAF (D\u00e9c\u00e9d\u00e9e en 2007) Je m&rsquo;appelle Liselotte Graf. J&rsquo;habite en Thurgovie et vit avec une colocataire dans un appartement. Le professeur Lutz a diagnostiqu\u00e9 mon autisme \u00e0 6 ans. &hellip; <\/p>\n<p class=\"link-more\"><a href=\"https:\/\/www.autisme-neuchatel.ch\/New\/?page_id=129\" class=\"more-link\">Continuer la lecture<span class=\"screen-reader-text\"> de &laquo;&nbsp;Liselotte&nbsp;&raquo;<\/span><\/a><\/p>\n","protected":false},"author":1,"featured_media":0,"parent":131,"menu_order":0,"comment_status":"closed","ping_status":"open","template":"","meta":{"_price":"","_stock":"","_tribe_ticket_header":"","_tribe_default_ticket_provider":"","_tribe_ticket_capacity":"0","_ticket_start_date":"","_ticket_end_date":"","_tribe_ticket_show_description":"","_tribe_ticket_show_not_going":false,"_tribe_ticket_use_global_stock":"","_tribe_ticket_global_stock_level":"","_global_stock_mode":"","_global_stock_cap":"","_tribe_rsvp_for_event":"","_tribe_ticket_going_count":"","_tribe_ticket_not_going_count":"","_tribe_tickets_list":"[]","_tribe_ticket_has_attendee_info_fields":false,"footnotes":"","_tec_slr_enabled":"","_tec_slr_layout":""},"class_list":["post-129","page","type-page","status-publish","hentry"],"ticketed":false,"_links":{"self":[{"href":"https:\/\/www.autisme-neuchatel.ch\/New\/index.php?rest_route=\/wp\/v2\/pages\/129","targetHints":{"allow":["GET"]}}],"collection":[{"href":"https:\/\/www.autisme-neuchatel.ch\/New\/index.php?rest_route=\/wp\/v2\/pages"}],"about":[{"href":"https:\/\/www.autisme-neuchatel.ch\/New\/index.php?rest_route=\/wp\/v2\/types\/page"}],"author":[{"embeddable":true,"href":"https:\/\/www.autisme-neuchatel.ch\/New\/index.php?rest_route=\/wp\/v2\/users\/1"}],"replies":[{"embeddable":true,"href":"https:\/\/www.autisme-neuchatel.ch\/New\/index.php?rest_route=%2Fwp%2Fv2%2Fcomments&post=129"}],"version-history":[{"count":1,"href":"https:\/\/www.autisme-neuchatel.ch\/New\/index.php?rest_route=\/wp\/v2\/pages\/129\/revisions"}],"predecessor-version":[{"id":130,"href":"https:\/\/www.autisme-neuchatel.ch\/New\/index.php?rest_route=\/wp\/v2\/pages\/129\/revisions\/130"}],"up":[{"embeddable":true,"href":"https:\/\/www.autisme-neuchatel.ch\/New\/index.php?rest_route=\/wp\/v2\/pages\/131"}],"wp:attachment":[{"href":"https:\/\/www.autisme-neuchatel.ch\/New\/index.php?rest_route=%2Fwp%2Fv2%2Fmedia&parent=129"}],"curies":[{"name":"wp","href":"https:\/\/api.w.org\/{rel}","templated":true}]}}