{"id":114,"date":"2015-09-02T18:47:53","date_gmt":"2015-09-02T17:47:53","guid":{"rendered":"http:\/\/www.autisme-neuchatel.ch\/New\/?page_id=114"},"modified":"2019-03-24T18:14:47","modified_gmt":"2019-03-24T17:14:47","slug":"liens","status":"publish","type":"page","link":"https:\/\/www.autisme-neuchatel.ch\/New\/?page_id=114","title":{"rendered":"Liens"},"content":{"rendered":"<p>Voici des liens utiles collect\u00e9s ici et l\u00e0. Cette page sera mise \u00e0 jour au gr\u00e9 des d\u00e9couvertes.<\/p>\n<h3><strong>Associations et fondations en relation avec l&rsquo;autisme<br \/>\n<\/strong><\/h3>\n<ul>\n<li><a href=\"http:\/\/www.autisme.ch\/\" target=\"_blank\" rel=\"noopener noreferrer\">autisme suisse romande<\/a><\/li>\n<li><a href=\"http:\/\/www.autismusschweiz.ch\/?lang=fr\" target=\"_blank\" rel=\"noopener noreferrer\">autisme suisse <\/a>: organisation fa\u00eeti\u00e8re comprenant les sections des trois r\u00e9gions linguistiques<\/li>\n<li><a href=\"http:\/\/www.autisme-ge.ch\/\" target=\"_blank\" rel=\"noopener noreferrer\">Autisme Gen\u00e8ve<\/a><\/li>\n<li><a href=\"http:\/\/www.autisme-jura.ch\" target=\"_blank\" rel=\"noopener noreferrer\">Autisme Jura<\/a><\/li>\n<li><a href=\"http:\/\/www.autisme-valais.ch\/\" target=\"_blank\" rel=\"noopener noreferrer\">Autisme Valais<\/a><\/li>\n<li><a href=\"http:\/\/asperger.autisme.ch\/\" target=\"_blank\" rel=\"noopener noreferrer\">Groupe Asperger<\/a><\/li>\n<li>Autisme Fribourg : site internet en construction. Les renseignements concernant les personnes de contact sont <a href=\"http:\/\/www.autisme.ch\/autisme-suisse-romande\/sections\/autisme-fribourg\" target=\"_blank\" rel=\"noopener noreferrer\">ici<\/a>.<\/li>\n<li><a href=\"http:\/\/www.ovassociation.com\/\" target=\"_blank\" rel=\"noopener noreferrer\">Association OVA (Objectif Vaincre l&rsquo;autisme)<\/a><\/li>\n<li><a href=\"http:\/\/www.perce-neige.ch\" target=\"_blank\" rel=\"noopener noreferrer\">Fondation Les Perce-Neige<\/a><\/li>\n<li><a href=\"https:\/\/www.cassie.ch\/\" target=\"_blank\" rel=\"noopener noreferrer\">Groupe Cassandra &#8211; rencontre entre conjoints de personnes Asperger<\/a><\/li>\n<li><a href=\"http:\/\/www.parlonsdautisme.ch\" target=\"_blank\" rel=\"noopener noreferrer\">Parlons d&rsquo;Autisme<\/a><\/li>\n<\/ul>\n<h3><strong>Associations en relation avec le handicap<br \/>\n<\/strong><\/h3>\n<ul>\n<li><a href=\"http:\/\/www.insieme.ch\/\" target=\"_blank\" rel=\"noopener noreferrer\">insieme suisse<\/a><\/li>\n<li><a href=\"http:\/\/www.proinfirmis.ch\/fr\/\" target=\"_blank\" rel=\"noopener noreferrer\">Pro Infirmis<\/a><\/li>\n<li><a href=\"http:\/\/www.procap.ch\/\" target=\"_blank\" rel=\"noopener noreferrer\">Procap<\/a><\/li>\n<li><a href=\"https:\/\/www.forum-handicap-ne.ch\/\">Forum Handicap<\/a><\/li>\n<\/ul>\n<h3><strong>Informations sur l&rsquo;autisme en g\u00e9n\u00e9ral<\/strong><\/h3>\n<ul>\n<li><a href=\"http:\/\/www.participate-autisme.be\/fr\/\" target=\"_blank\" rel=\"noopener noreferrer\">Participate<\/a><\/li>\n<li><a href=\"http:\/\/www.autismeurope.org\/fr\/\" target=\"_blank\" rel=\"noopener noreferrer\">Autisme Europe<\/a><\/li>\n<li><a href=\"http:\/\/www.autisme.qc.ca\/\" target=\"_blank\" rel=\"noopener noreferrer\">F\u00e9d\u00e9ration qu\u00e9b\u00e9coise de l&rsquo;autisme<\/a><\/li>\n<li><a href=\"http:\/\/www.aspergeraide.com\/\" target=\"_blank\" rel=\"noopener noreferrer\">Aspergeraide<\/a><\/li>\n<li><a href=\"http:\/\/www.canalautisme.com\/\" target=\"_blank\" rel=\"noopener noreferrer\">Canal Autisme<\/a><\/li>\n<li><a href=\"https:\/\/www.chusj.org\/fr\/soins-services\/T\/Troubles-envahissants-du-developpement\" target=\"_blank\" rel=\"noopener noreferrer\">Troubles du spectre de l&rsquo;autisme &#8211; CHU Sainte-Justine, Montr\u00e9al<\/a><\/li>\n<\/ul>\n<h3><strong>Rel\u00e8ve, vacances<\/strong><\/h3>\n<ul>\n<li><a href=\"https:\/\/atypicalsmile.com\/\" target=\"_blank\" rel=\"noopener noreferrer\">AtypicalSmile <\/a>: site internet pour les familles d&rsquo;enfants \u00e0 besoins sp\u00e9cifiques. Il a pour but d&rsquo;aider les familles \u00e0 recruter des accompagnants adapt\u00e9s pour leur proche.<\/li>\n<li><a href=\"http:\/\/www.proinfirmis.ch\/fr\/handicapes-et-proches\/famille-couple\/services-de-releve.html\" target=\"_blank\" rel=\"noopener noreferrer\">Service de rel\u00e8ve de Pro Infirmis<\/a><\/li>\n<li>L&rsquo;<a href=\"http:\/\/www.ne.ch\/autorites\/DEF\/SEEO\/enseignement-specialise\/Pages\/Unite-accueil-temporaire.aspx\" target=\"_blank\" rel=\"noopener noreferrer\">Unit\u00e9 d&rsquo;Accueil Temporaire<\/a><\/li>\n<\/ul>\n<h3><strong>Diagnostics, \u00e9valuations, suivis, services sp\u00e9cialis\u00e9s en autisme<br \/>\n<\/strong><\/h3>\n<ul>\n<li><a href=\"http:\/\/www.perce-neige.ch\/index.php\/accueil-et-consultation-precoce-en-autisme\" target=\"_blank\" rel=\"noopener noreferrer\">Centre ACPA<\/a> (Accueil et Consultation Pr\u00e9coce en Autisme), Fondation les Perce-Neige. \u00a0 <a href=\"http:\/\/www.autisme-neuchatel.ch\/New\/wp-content\/uploads\/2015\/08\/ACPA_148x210_web3-1.pdf\" target=\"_blank\" rel=\"noopener noreferrer\">Flyer du Centre ACPA<\/a><\/li>\n<li><a href=\"http:\/\/www.enikos.ch\/\" target=\"_blank\" rel=\"noopener noreferrer\">Enikos<\/a>\u00a0(ex-BilanPsy et AutismeCoonsult): Service priv\u00e9 qui propose des \u00e9valuations, du soutien \u00e0 la mise en place de de projet \u00e9ducatif individualis\u00e9, du coaching \u00e0 domicile ou sur le lieu de vie, etc.<\/li>\n<li><a href=\"http:\/\/www.libellule.ch\/\" target=\"_blank\" rel=\"noopener noreferrer\">Consultation Libellule<\/a> : Consultation sp\u00e9cialis\u00e9e dans les troubles neurod\u00e9veloppementaux \u00e0 Lausanne. Diagnostics et bilans, consultations th\u00e9rapeutiques et suivis, intervention pr\u00e9coce, r\u00e9seaux, supervision, formations.<\/li>\n<\/ul>\n<h3><strong>Associations avec qui nous collaborons<\/strong><\/h3>\n<ul>\n<li>GAD : Groupement d&rsquo;Associations travaillant autour des Diff\u00e9rences. <a href=\"http:\/\/www.autisme-neuchatel.ch\/New\/wp-content\/uploads\/2016\/06\/Flyers-GAD-24-05-2016.pdf\">Flyer GAD<\/a>\n<ul>\n<li><a href=\"http:\/\/www.adoptons-nous.ch\/association\/home.php\" target=\"_blank\" rel=\"noopener noreferrer\">Adoptons-nous<\/a><\/li>\n<li><a href=\"http:\/\/www.adsr.ch\/index.php\/fr\/\" target=\"_blank\" rel=\"noopener noreferrer\">aDsr<\/a> &#8211; Association dyslexie suisse romande et dysphasie<\/li>\n<li><a href=\"http:\/\/asehp.ch\/\" target=\"_blank\" rel=\"noopener noreferrer\">ASEHP<\/a> &#8211; Association suisse pour les enfants pr\u00e9coces<\/li>\n<li><a href=\"http:\/\/www.aspedah.ch\/\" target=\"_blank\" rel=\"noopener noreferrer\">Aspedah<\/a> &#8211; Association Suisse romande de parents et d&rsquo;adultes concern\u00e9s par le trouble du d\u00e9ficit d&rsquo;attention\/hyperactivit\u00e9<\/li>\n<li><a href=\"http:\/\/www.collectif-hp.ch\/\" target=\"_blank\" rel=\"noopener noreferrer\">Collectif HP<\/a> &#8211; Association de personnes concern\u00e9es par les hauts potentiels<\/li>\n<li><a href=\"http:\/\/www.fapen.ch\/\" target=\"_blank\" rel=\"noopener noreferrer\">FAPEN<\/a> &#8211; F\u00e9d\u00e9ration des Associations de Parents d&rsquo;El\u00e8ves du Canton de Neuch\u00e2tel<\/li>\n<li><a href=\"http:\/\/www.insieme-ne.ch\/\" target=\"_blank\" rel=\"noopener noreferrer\">Insieme Neuch\u00e2tel<\/a><\/li>\n<\/ul>\n<\/li>\n<li><a href=\"http:\/\/www.fapen.ch\/\" target=\"_blank\" rel=\"noopener noreferrer\">FAPEN<\/a> &#8211; F\u00e9d\u00e9ration des Associations de Parents d&rsquo;El\u00e8ves du Canton de Neuch\u00e2te<\/li>\n<li><a href=\"http:\/\/edf-ne.ch\/\" target=\"_blank\" rel=\"noopener noreferrer\">Association l&rsquo;Education donne la force<\/a> &#8211; regroupe une soixantaine\u00a0d\u2019associations,\u00a0d\u2019institutions, d\u2019organismes et de formateurs qui \u0153uvrent, de pr\u00e8s ou de loin, dans le\u00a0soutien \u00e0 la parentalit\u00e9\u00a0dans le canton de Neuch\u00e2tel<\/li>\n<li><a href=\"http:\/\/www.cimess.ch\/index.php\" target=\"_blank\" rel=\"noopener noreferrer\">CIMESS<\/a> &#8211; Antenne interactive multidisciplinaire pour les enfants et adolescents en souffrance scolaire. <a href=\"http:\/\/www.autisme-neuchatel.ch\/New\/wp-content\/uploads\/2015\/09\/Presentation_Cimess.pdf\" target=\"_blank\" rel=\"noopener noreferrer\">Pr\u00e9sentation Cimess<\/a><\/li>\n<li><a href=\"https:\/\/www.forum-handicap-ne.ch\/\">Forum Handicap Neuch\u00e2tel<\/a><\/li>\n<li><a href=\"http:\/\/www.parlonsdautisme.ch\/index.htm\" target=\"_blank\" rel=\"noopener noreferrer\">Parlons d&rsquo;autisme<\/a><\/li>\n<\/ul>\n<h3><strong>Sites d&rsquo;achat de mat\u00e9riel, de jeux, de livres<\/strong><\/h3>\n<ul>\n<li><a href=\"http:\/\/www.autismediffusion.com\/\" target=\"_blank\" rel=\"noopener noreferrer\">AutismeDiffusion<\/a><\/li>\n<li><a href=\"http:\/\/www.hoptoys.fr\/\" target=\"_blank\" rel=\"noopener noreferrer\">Hop Toys<\/a><\/li>\n<li><a href=\"http:\/\/www.mot-a-mot.com\/\" target=\"_blank\" rel=\"noopener noreferrer\">Mot \u00e0 Mot<\/a><\/li>\n<\/ul>\n<h3><strong>Site de pictogrammes<\/strong><\/h3>\n<ul>\n<li><a href=\"http:\/\/arasaac.org\/index.php\" target=\"_blank\" rel=\"noopener noreferrer\">Arasaac <\/a>: site de pictogrammes \u00e0 t\u00e9l\u00e9charger gratuitement<\/li>\n<li><a href=\"http:\/\/www.sclera.be\/fr\/picto\/overview\" target=\"_blank\" rel=\"noopener noreferrer\">Sclera pictogrammes <\/a>: pictogrammes gratuits<\/li>\n<li><a href=\"http:\/\/www.pictoselector.eu\/fr\/\" target=\"_blank\" rel=\"noopener noreferrer\">Picto Selector<\/a> : petit programme <strong>gratuit\u00a0<\/strong>servant \u00e0 cr\u00e9er des supports visuels<\/li>\n<li><a href=\"http:\/\/www.lespictogrammes.com\/index.php\" target=\"_blank\" rel=\"noopener noreferrer\">Les pictogrammes<\/a> : achat de mat\u00e9riel avec pictogrammes<\/li>\n<\/ul>\n","protected":false},"excerpt":{"rendered":"<p>Voici des liens utiles collect\u00e9s ici et l\u00e0. Cette page sera mise \u00e0 jour au gr\u00e9 des d\u00e9couvertes. Associations et fondations en relation avec l&rsquo;autisme autisme suisse romande autisme suisse &hellip; <\/p>\n<p class=\"link-more\"><a href=\"https:\/\/www.autisme-neuchatel.ch\/New\/?page_id=114\" class=\"more-link\">Continuer la lecture<span class=\"screen-reader-text\"> de &laquo;&nbsp;Liens&nbsp;&raquo;<\/span><\/a><\/p>\n","protected":false},"author":1,"featured_media":0,"parent":46,"menu_order":0,"comment_status":"closed","ping_status":"open","template":"","meta":{"_price":"","_stock":"","_tribe_ticket_header":"","_tribe_default_ticket_provider":"","_tribe_ticket_capacity":"0","_ticket_start_date":"","_ticket_end_date":"","_tribe_ticket_show_description":"","_tribe_ticket_show_not_going":false,"_tribe_ticket_use_global_stock":"","_tribe_ticket_global_stock_level":"","_global_stock_mode":"","_global_stock_cap":"","_tribe_rsvp_for_event":"","_tribe_ticket_going_count":"","_tribe_ticket_not_going_count":"","_tribe_tickets_list":"[]","_tribe_ticket_has_attendee_info_fields":false,"footnotes":"","_tec_slr_enabled":"","_tec_slr_layout":""},"class_list":["post-114","page","type-page","status-publish","hentry"],"ticketed":false,"_links":{"self":[{"href":"https:\/\/www.autisme-neuchatel.ch\/New\/index.php?rest_route=\/wp\/v2\/pages\/114","targetHints":{"allow":["GET"]}}],"collection":[{"href":"https:\/\/www.autisme-neuchatel.ch\/New\/index.php?rest_route=\/wp\/v2\/pages"}],"about":[{"href":"https:\/\/www.autisme-neuchatel.ch\/New\/index.php?rest_route=\/wp\/v2\/types\/page"}],"author":[{"embeddable":true,"href":"https:\/\/www.autisme-neuchatel.ch\/New\/index.php?rest_route=\/wp\/v2\/users\/1"}],"replies":[{"embeddable":true,"href":"https:\/\/www.autisme-neuchatel.ch\/New\/index.php?rest_route=%2Fwp%2Fv2%2Fcomments&post=114"}],"version-history":[{"count":29,"href":"https:\/\/www.autisme-neuchatel.ch\/New\/index.php?rest_route=\/wp\/v2\/pages\/114\/revisions"}],"predecessor-version":[{"id":1603,"href":"https:\/\/www.autisme-neuchatel.ch\/New\/index.php?rest_route=\/wp\/v2\/pages\/114\/revisions\/1603"}],"up":[{"embeddable":true,"href":"https:\/\/www.autisme-neuchatel.ch\/New\/index.php?rest_route=\/wp\/v2\/pages\/46"}],"wp:attachment":[{"href":"https:\/\/www.autisme-neuchatel.ch\/New\/index.php?rest_route=%2Fwp%2Fv2%2Fmedia&parent=114"}],"curies":[{"name":"wp","href":"https:\/\/api.w.org\/{rel}","templated":true}]}}