{"id":11,"date":"2015-03-18T16:01:00","date_gmt":"2015-03-18T15:01:00","guid":{"rendered":"http:\/\/www.autisme-neuchatel.ch\/New\/?page_id=11"},"modified":"2025-03-04T14:44:37","modified_gmt":"2025-03-04T13:44:37","slug":"projets","status":"publish","type":"page","link":"https:\/\/www.autisme-neuchatel.ch\/New\/?page_id=11","title":{"rendered":"Contact"},"content":{"rendered":"<h4 style=\"text-align: center;\"><span style=\"background-color: #e8f0f5;\">Pour nous contacter :<\/span><\/h4>\n<h3 style=\"text-align: center;\"><b>Association<\/b> <b>Autisme<\/b>&#8211;<b>Neuch\u00e2tel<\/b><\/h3>\n<div class=\"text\" style=\"text-align: center;\">\n<h3 style=\"text-align: center;\">Case postale 81<\/h3>\n<h3 style=\"text-align: center;\">2074 Marin-Epagnier<\/h3>\n<h3 style=\"text-align: center;\"><a href=\"http:\/\/www.autisme-neuchatel.ch\/New\/wp-content\/uploads\/2015\/03\/email-2.png\"><img loading=\"lazy\" decoding=\"async\" class=\"alignnone  wp-image-91\" src=\"http:\/\/www.autisme-neuchatel.ch\/New\/wp-content\/uploads\/2015\/03\/email-2.png\" alt=\"email 2\" width=\"63\" height=\"63\" srcset=\"https:\/\/www.autisme-neuchatel.ch\/New\/wp-content\/uploads\/2015\/03\/email-2.png 283w, https:\/\/www.autisme-neuchatel.ch\/New\/wp-content\/uploads\/2015\/03\/email-2-150x150.png 150w\" sizes=\"auto, (max-width: 63px) 100vw, 63px\" \/><\/a><\/h3>\n<h3 style=\"text-align: center;\"><a href=\"http:\/\/www.autisme-neuchatel.ch\/New\/?page_id=77\">info@autisme-neuchatel.ch<\/a><\/h3>\n<h3 class=\"text\" style=\"text-align: center;\"><a href=\"http:\/\/www.autisme-neuchatel.ch\/New\/wp-content\/uploads\/2015\/03\/25269.png\"><img loading=\"lazy\" decoding=\"async\" class=\"alignnone  wp-image-94\" src=\"http:\/\/www.autisme-neuchatel.ch\/New\/wp-content\/uploads\/2015\/03\/25269.png\" alt=\"25269\" width=\"70\" height=\"70\" srcset=\"https:\/\/www.autisme-neuchatel.ch\/New\/wp-content\/uploads\/2015\/03\/25269.png 283w, https:\/\/www.autisme-neuchatel.ch\/New\/wp-content\/uploads\/2015\/03\/25269-150x150.png 150w\" sizes=\"auto, (max-width: 70px) 100vw, 70px\" \/><\/a><\/h3>\n<h3 style=\"text-align: center;\">079 133 88 42<\/h3>\n<\/div>\n<p>Nous sommes des parents et non pas des professionnels, nous devons donc, comme vous certainement, nous soumettre \u00e0 quelques obligations et ne pouvons donc pas toujours r\u00e9pondre \u00e0 tous les appels sur le moment. Laissez donc un message sur le r\u00e9pondeur et nous ferons de notre mieux pour y r\u00e9pondre.<\/p>\n<p><!--more-->\n<div class=\"wpcf7 no-js\" id=\"wpcf7-f45-o1\" lang=\"fr-FR\" dir=\"ltr\" data-wpcf7-id=\"45\">\n<div class=\"screen-reader-response\"><p role=\"status\" aria-live=\"polite\" aria-atomic=\"true\"><\/p> <ul><\/ul><\/div>\n<form action=\"\/New\/index.php?rest_route=%2Fwp%2Fv2%2Fpages%2F11#wpcf7-f45-o1\" method=\"post\" class=\"wpcf7-form init\" aria-label=\"Formulaire de contact\" novalidate=\"novalidate\" data-status=\"init\">\n<fieldset class=\"hidden-fields-container\"><input type=\"hidden\" name=\"_wpcf7\" value=\"45\" \/><input type=\"hidden\" name=\"_wpcf7_version\" value=\"6.1.5\" \/><input type=\"hidden\" name=\"_wpcf7_locale\" value=\"fr_FR\" \/><input type=\"hidden\" name=\"_wpcf7_unit_tag\" value=\"wpcf7-f45-o1\" \/><input type=\"hidden\" name=\"_wpcf7_container_post\" value=\"0\" \/><input type=\"hidden\" name=\"_wpcf7_posted_data_hash\" value=\"\" \/><input type=\"hidden\" name=\"_wpcf7_recaptcha_response\" value=\"\" \/>\n<\/fieldset>\n<p> Nous ne vous demandons ici vos coordonn\u00e9es que pour pouvoir vous donner une r\u00e9ponse.\n<\/p>\n<p> Afin de r\u00e9pondre aux diverses l\u00e9gislations, nous avons mis en place un service qui garde vos donn\u00e9es.\n<\/p>\n<p>Votre nom (obligatoire)\n<\/p>\n<p><span class=\"wpcf7-form-control-wrap\" data-name=\"you-name\"><input size=\"40\" maxlength=\"400\" class=\"wpcf7-form-control wpcf7-text wpcf7-validates-as-required\" aria-required=\"true\" aria-invalid=\"false\" value=\"\" type=\"text\" name=\"you-name\" \/><\/span>\n<\/p>\n<p>Votre email (obligatoire)\n<\/p>\n<p><span class=\"wpcf7-form-control-wrap\" data-name=\"your-email\"><input size=\"40\" maxlength=\"400\" class=\"wpcf7-form-control wpcf7-email wpcf7-validates-as-required wpcf7-text wpcf7-validates-as-email\" aria-required=\"true\" aria-invalid=\"false\" value=\"\" type=\"email\" name=\"your-email\" \/><\/span>\n<\/p>\n<p>Sujet\n<\/p>\n<p><span class=\"wpcf7-form-control-wrap\" data-name=\"your-subject\"><input size=\"40\" maxlength=\"400\" class=\"wpcf7-form-control wpcf7-text\" aria-invalid=\"false\" value=\"\" type=\"text\" name=\"your-subject\" \/><\/span>\n<\/p>\n<p>Votre message\n<\/p>\n<p><span class=\"wpcf7-form-control-wrap\" data-name=\"your-message\"><textarea cols=\"40\" rows=\"10\" maxlength=\"2000\" class=\"wpcf7-form-control wpcf7-textarea\" aria-invalid=\"false\" name=\"your-message\"><\/textarea><\/span>\n<\/p>\n<p>Une petite v\u00e9rification pour \u00e9viter les robots et vous pourrez enfin cliquer sur le bouton \"Envoyer\"...\n<\/p>\n<p><input type=\"hidden\" name=\"_wpcf7_captcha_challenge_captcha-170\" value=\"105407671\" \/><img loading=\"lazy\" decoding=\"async\" class=\"wpcf7-form-control wpcf7-captchac wpcf7-captcha-captcha-170\" width=\"72\" height=\"24\" alt=\"captcha\" src=\"https:\/\/www.autisme-neuchatel.ch\/New\/wp-content\/uploads\/wpcf7_captcha\/105407671.png\" \/><span class=\"wpcf7-form-control-wrap\" data-name=\"captcha-170\"><input size=\"40\" class=\"wpcf7-form-control wpcf7-captchar\" autocomplete=\"off\" aria-invalid=\"false\" value=\"\" type=\"text\" name=\"captcha-170\" \/><\/span>\n<\/p>\n<p>En cliquant sur \"Envoyer\", vous autorisez l'utilisation de vos donn\u00e9es en vue de vous r\u00e9pondre ou pour tout autre traitement induit par cette demande de contact.\n<\/p>\n<p><input class=\"wpcf7-form-control wpcf7-submit has-spinner\" type=\"submit\" value=\"Envoyer\" \/>\n<\/p><p style=\"display: none !important;\" class=\"akismet-fields-container\" data-prefix=\"_wpcf7_ak_\"><label>&#916;<textarea name=\"_wpcf7_ak_hp_textarea\" cols=\"45\" rows=\"8\" maxlength=\"100\"><\/textarea><\/label><input type=\"hidden\" id=\"ak_js_1\" name=\"_wpcf7_ak_js\" value=\"247\"\/><script>\ndocument.getElementById( \"ak_js_1\" ).setAttribute( \"value\", ( new Date() ).getTime() );\n<\/script>\n<\/p><input type='hidden' class='wpcf7-pum' value='{\"closepopup\":false,\"closedelay\":0,\"openpopup\":false,\"openpopup_id\":0}' \/><div class=\"wpcf7-response-output\" aria-hidden=\"true\"><\/div>\n<\/form>\n<\/div>\n\r\n\t\t\t\t<script>\r\n\t\t\t\tif ( typeof huOptions !== 'undefined' ) {\r\n\t\t\t\t\tvar huFormData = {\"source\":\"contactform7\",\"id\":45,\"title\":\"Pour nous contacter\",\"fields\":{\"subject\":{\"first_name\":\"your-name\",\"email\":\"your-email\"},\"preferences\":{\"terms\":\"your-consent\"}}};\r\n\t\t\t\t\tvar huFormNode = document.querySelector( '[id^=\"wpcf7-f45-\"] form' );\r\n\r\n\t\t\t\t\thuFormData['node'] = huFormNode;\r\n\t\t\t\t\thuOptions['forms'].push( huFormData );\r\n\t\t\t\t}\r\n\t\t\t\t<\/script><\/p>\n","protected":false},"excerpt":{"rendered":"<p>Pour nous contacter : Association Autisme&#8211;Neuch\u00e2tel Case postale 81 2074 Marin-Epagnier info@autisme-neuchatel.ch 079 133 88 42 Nous sommes des parents et non pas des professionnels, nous devons donc, comme vous &hellip; <\/p>\n<p class=\"link-more\"><a href=\"https:\/\/www.autisme-neuchatel.ch\/New\/?page_id=11\" class=\"more-link\">Continuer la lecture<span class=\"screen-reader-text\"> de &laquo;&nbsp;Contact&nbsp;&raquo;<\/span><\/a><\/p>\n","protected":false},"author":1,"featured_media":0,"parent":0,"menu_order":0,"comment_status":"open","ping_status":"open","template":"","meta":{"_price":"","_stock":"","_tribe_ticket_header":"","_tribe_default_ticket_provider":"","_tribe_ticket_capacity":"0","_ticket_start_date":"","_ticket_end_date":"","_tribe_ticket_show_description":"","_tribe_ticket_show_not_going":false,"_tribe_ticket_use_global_stock":"","_tribe_ticket_global_stock_level":"","_global_stock_mode":"","_global_stock_cap":"","_tribe_rsvp_for_event":"","_tribe_ticket_going_count":"","_tribe_ticket_not_going_count":"","_tribe_tickets_list":"[]","_tribe_ticket_has_attendee_info_fields":false,"footnotes":"","_tec_slr_enabled":"","_tec_slr_layout":""},"class_list":["post-11","page","type-page","status-publish","hentry"],"ticketed":false,"_links":{"self":[{"href":"https:\/\/www.autisme-neuchatel.ch\/New\/index.php?rest_route=\/wp\/v2\/pages\/11","targetHints":{"allow":["GET"]}}],"collection":[{"href":"https:\/\/www.autisme-neuchatel.ch\/New\/index.php?rest_route=\/wp\/v2\/pages"}],"about":[{"href":"https:\/\/www.autisme-neuchatel.ch\/New\/index.php?rest_route=\/wp\/v2\/types\/page"}],"author":[{"embeddable":true,"href":"https:\/\/www.autisme-neuchatel.ch\/New\/index.php?rest_route=\/wp\/v2\/users\/1"}],"replies":[{"embeddable":true,"href":"https:\/\/www.autisme-neuchatel.ch\/New\/index.php?rest_route=%2Fwp%2Fv2%2Fcomments&post=11"}],"version-history":[{"count":10,"href":"https:\/\/www.autisme-neuchatel.ch\/New\/index.php?rest_route=\/wp\/v2\/pages\/11\/revisions"}],"predecessor-version":[{"id":6636,"href":"https:\/\/www.autisme-neuchatel.ch\/New\/index.php?rest_route=\/wp\/v2\/pages\/11\/revisions\/6636"}],"wp:attachment":[{"href":"https:\/\/www.autisme-neuchatel.ch\/New\/index.php?rest_route=%2Fwp%2Fv2%2Fmedia&parent=11"}],"curies":[{"name":"wp","href":"https:\/\/api.w.org\/{rel}","templated":true}]}}

<h4 style="text-align: center;"><span style="background-color: #e8f0f5;">Pour nous contacter :</span></h4>
<h3 style="text-align: center;"><b>Association</b> <b>Autisme</b>&#8211;<b>Neuchâtel</b></h3>
<div class="text" style="text-align: center;">
<h3 style="text-align: center;">Case postale 81</h3>
<h3 style="text-align: center;">2074 Marin-Epagnier</h3>
<h3 style="text-align: center;"><a href="http://www.autisme-neuchatel.ch/New/wp-content/uploads/2015/03/email-2.png"><img loading="lazy" decoding="async" class="alignnone  wp-image-91" src="http://www.autisme-neuchatel.ch/New/wp-content/uploads/2015/03/email-2.png" alt="email 2" width="63" height="63" srcset="https://www.autisme-neuchatel.ch/New/wp-content/uploads/2015/03/email-2.png 283w, https://www.autisme-neuchatel.ch/New/wp-content/uploads/2015/03/email-2-150x150.png 150w" sizes="auto, (max-width: 63px) 100vw, 63px" /></a></h3>
<h3 style="text-align: center;"><a href="http://www.autisme-neuchatel.ch/New/?page_id=77">info@autisme-neuchatel.ch</a></h3>
<h3 class="text" style="text-align: center;"><a href="http://www.autisme-neuchatel.ch/New/wp-content/uploads/2015/03/25269.png"><img loading="lazy" decoding="async" class="alignnone  wp-image-94" src="http://www.autisme-neuchatel.ch/New/wp-content/uploads/2015/03/25269.png" alt="25269" width="70" height="70" srcset="https://www.autisme-neuchatel.ch/New/wp-content/uploads/2015/03/25269.png 283w, https://www.autisme-neuchatel.ch/New/wp-content/uploads/2015/03/25269-150x150.png 150w" sizes="auto, (max-width: 70px) 100vw, 70px" /></a></h3>
<h3 style="text-align: center;">079 133 88 42</h3>
</div>
<p>Nous sommes des parents et non pas des professionnels, nous devons donc, comme vous certainement, nous soumettre à quelques obligations et ne pouvons donc pas toujours répondre à tous les appels sur le moment. Laissez donc un message sur le répondeur et nous ferons de notre mieux pour y répondre.</p>
<p><!--more-->
<div class="wpcf7 no-js" id="wpcf7-f45-o1" lang="fr-FR" dir="ltr" data-wpcf7-id="45">
<div class="screen-reader-response"><p role="status" aria-live="polite" aria-atomic="true"></p> <ul></ul></div>
<form action="/New/index.php?rest_route=%2Fwp%2Fv2%2Fpages%2F11#wpcf7-f45-o1" method="post" class="wpcf7-form init" aria-label="Formulaire de contact" novalidate="novalidate" data-status="init">
<fieldset class="hidden-fields-container"><input type="hidden" name="_wpcf7" value="45" /><input type="hidden" name="_wpcf7_version" value="6.1.5" /><input type="hidden" name="_wpcf7_locale" value="fr_FR" /><input type="hidden" name="_wpcf7_unit_tag" value="wpcf7-f45-o1" /><input type="hidden" name="_wpcf7_container_post" value="0" /><input type="hidden" name="_wpcf7_posted_data_hash" value="" /><input type="hidden" name="_wpcf7_recaptcha_response" value="" />
</fieldset>
<p> Nous ne vous demandons ici vos coordonnées que pour pouvoir vous donner une réponse.
</p>
<p> Afin de répondre aux diverses législations, nous avons mis en place un service qui garde vos données.
</p>
<p>Votre nom (obligatoire)
</p>
<p><span class="wpcf7-form-control-wrap" data-name="you-name"><input size="40" maxlength="400" class="wpcf7-form-control wpcf7-text wpcf7-validates-as-required" aria-required="true" aria-invalid="false" value="" type="text" name="you-name" /></span>
</p>
<p>Votre email (obligatoire)
</p>
<p><span class="wpcf7-form-control-wrap" data-name="your-email"><input size="40" maxlength="400" class="wpcf7-form-control wpcf7-email wpcf7-validates-as-required wpcf7-text wpcf7-validates-as-email" aria-required="true" aria-invalid="false" value="" type="email" name="your-email" /></span>
</p>
<p>Sujet
</p>
<p><span class="wpcf7-form-control-wrap" data-name="your-subject"><input size="40" maxlength="400" class="wpcf7-form-control wpcf7-text" aria-invalid="false" value="" type="text" name="your-subject" /></span>
</p>
<p>Votre message
</p>
<p><span class="wpcf7-form-control-wrap" data-name="your-message"><textarea cols="40" rows="10" maxlength="2000" class="wpcf7-form-control wpcf7-textarea" aria-invalid="false" name="your-message"></textarea></span>
</p>
<p>Une petite vérification pour éviter les robots et vous pourrez enfin cliquer sur le bouton "Envoyer"...
</p>
<p><input type="hidden" name="_wpcf7_captcha_challenge_captcha-170" value="105407671" /><img loading="lazy" decoding="async" class="wpcf7-form-control wpcf7-captchac wpcf7-captcha-captcha-170" width="72" height="24" alt="captcha" src="https://www.autisme-neuchatel.ch/New/wp-content/uploads/wpcf7_captcha/105407671.png" /><span class="wpcf7-form-control-wrap" data-name="captcha-170"><input size="40" class="wpcf7-form-control wpcf7-captchar" autocomplete="off" aria-invalid="false" value="" type="text" name="captcha-170" /></span>
</p>
<p>En cliquant sur "Envoyer", vous autorisez l'utilisation de vos données en vue de vous répondre ou pour tout autre traitement induit par cette demande de contact.
</p>
<p><input class="wpcf7-form-control wpcf7-submit has-spinner" type="submit" value="Envoyer" />
</p><p style="display: none !important;" class="akismet-fields-container" data-prefix="_wpcf7_ak_"><label>&#916;<textarea name="_wpcf7_ak_hp_textarea" cols="45" rows="8" maxlength="100"></textarea></label><input type="hidden" id="ak_js_1" name="_wpcf7_ak_js" value="247"/><script>
document.getElementById( "ak_js_1" ).setAttribute( "value", ( new Date() ).getTime() );
</script>
</p><input type='hidden' class='wpcf7-pum' value='{"closepopup":false,"closedelay":0,"openpopup":false,"openpopup_id":0}' /><div class="wpcf7-response-output" aria-hidden="true"></div>
</form>
</div>

				<script>
				if ( typeof huOptions !== 'undefined' ) {
					var huFormData = {"source":"contactform7","id":45,"title":"Pour nous contacter","fields":{"subject":{"first_name":"your-name","email":"your-email"},"preferences":{"terms":"your-consent"}}};
					var huFormNode = document.querySelector( '[id^="wpcf7-f45-"] form' );

					huFormData['node'] = huFormNode;
					huOptions['forms'].push( huFormData );
				}
				</script></p>

<p>Pour nous contacter : Association Autisme&#8211;Neuchâtel Case postale 81 2074 Marin-Epagnier info@autisme-neuchatel.ch 079 133 88 42 Nous sommes des parents et non pas des professionnels, nous devons donc, comme vous &hellip; </p>
<p class="link-more"><a href="https://www.autisme-neuchatel.ch/New/?page_id=11" class="more-link">Continuer la lecture<span class="screen-reader-text"> de &laquo;&nbsp;Contact&nbsp;&raquo;</span></a></p>
